{"id":68,"date":"2011-08-03T20:26:18","date_gmt":"2011-08-03T20:26:18","guid":{"rendered":"http:\/\/74.52.193.26\/~alemanxa\/?page_id=68"},"modified":"2013-02-01T18:34:49","modified_gmt":"2013-02-01T18:34:49","slug":"diagnostico","status":"publish","type":"page","link":"https:\/\/www.alemanxaleman.com.ar\/?page_id=68","title":{"rendered":"Diagn\u00f3stico"},"content":{"rendered":"<p>Aqu\u00ed le sugerimos determinar el nivel actual de sus conocimientos de alem\u00e1n a trav\u00e9s de dos modelos de test diagn\u00f3stico:<\/p>\n<p><strong>&gt;&gt;<a href=\"http:\/\/www.alemanxaleman.com.ar\/wp-content\/uploads\/2011\/08\/test_ciclo_basico.doc\" target=\"_blank\">Test diagn\u00f3stico para el ciclo b\u00e1sico: A1 \u2013 A2<\/a><\/strong><br \/>\n<a href=\"http:\/\/74.52.193.26\/~alemanxa\/wp-content\/uploads\/2011\/08\/test_ciclo_intermedio.doc\"><strong><\/strong><\/a><\/p>\n<p><strong>&gt;&gt;<a href=\"http:\/\/www.alemanxaleman.com.ar\/wp-content\/uploads\/2011\/08\/test_ciclo_intermedio.doc\" target=\"_blank\">Test diagn\u00f3stico para el ciclo avanzado: B1 \u2013 B2 \u2013 C1<\/a><\/strong><\/p>\n<p>Elija el test diagn\u00f3stico que considera adecuado y resuelva los ejercicios sin ayuda de terceros y sin consulta bibliogr\u00e1fica o de diccionarios.<br \/>\nAs\u00ed nos brindar\u00e1 un perfil real de sus conocimientos de alem\u00e1n, que nos permitir\u00e1 evaluar correctamente su nivel.<br \/>\nLe enviaremos el resultado a la brevedad o lo podr\u00e1 consultar en la direcci\u00f3n: <strong>info@alemanxaleman.com.ar<\/strong> o personalmente en horario de secretar\u00eda.<\/p>\n","protected":false},"excerpt":{"rendered":"<p>Aqu\u00ed le sugerimos determinar el nivel actual de sus conocimientos de alem\u00e1n a trav\u00e9s de dos modelos de test diagn\u00f3stico: &gt;&gt;Test diagn\u00f3stico para el ciclo b\u00e1sico: A1 \u2013 A2 &gt;&gt;Test diagn\u00f3stico para el ciclo avanzado: B1 \u2013 B2 \u2013 C1 Elija el test diagn\u00f3stico que considera adecuado y resuelva los ejercicios sin ayuda de terceros [&hellip;]<\/p>\n","protected":false},"author":1,"featured_media":0,"parent":0,"menu_order":3,"comment_status":"closed","ping_status":"closed","template":"","meta":[],"_links":{"self":[{"href":"https:\/\/www.alemanxaleman.com.ar\/index.php?rest_route=\/wp\/v2\/pages\/68"}],"collection":[{"href":"https:\/\/www.alemanxaleman.com.ar\/index.php?rest_route=\/wp\/v2\/pages"}],"about":[{"href":"https:\/\/www.alemanxaleman.com.ar\/index.php?rest_route=\/wp\/v2\/types\/page"}],"author":[{"embeddable":true,"href":"https:\/\/www.alemanxaleman.com.ar\/index.php?rest_route=\/wp\/v2\/users\/1"}],"replies":[{"embeddable":true,"href":"https:\/\/www.alemanxaleman.com.ar\/index.php?rest_route=%2Fwp%2Fv2%2Fcomments&post=68"}],"version-history":[{"count":22,"href":"https:\/\/www.alemanxaleman.com.ar\/index.php?rest_route=\/wp\/v2\/pages\/68\/revisions"}],"predecessor-version":[{"id":164,"href":"https:\/\/www.alemanxaleman.com.ar\/index.php?rest_route=\/wp\/v2\/pages\/68\/revisions\/164"}],"wp:attachment":[{"href":"https:\/\/www.alemanxaleman.com.ar\/index.php?rest_route=%2Fwp%2Fv2%2Fmedia&parent=68"}],"curies":[{"name":"wp","href":"https:\/\/api.w.org\/{rel}","templated":true}]}}